, what is -12e + 2?
-12c
In base 16, what is 2 + -e?
-c
In base 16, what is -ea + -5?
-ef
In base 5, what is 3301 - 13?
3233
In base 5, what is 21 + -14403?
-14332
In base 6, what is -1 + -42?
-43
In base 3, what is 1012 + -1000?
12
In base 11, what is -2 + 164?
162
In base 11, what is 8 + 2?
a
In base 14, what is -3 - 75?
-78
In base 9, what is -32 - 12?
-44
In base 16, what is -a2 - -22?
-80
In base 5, what is -102 + 213?
111
In base 7, what is 0 - 5321?
-5321
In base 12, what is -17 + 14?
-3
In base 13, what is 4cc + 5?
504
In base 7, what is 15 - -60?
105
In base 13, what is -bc + 0?
-bc
In base 10, what is 5 + -12?
-7
In base 4, what is 1122 + 20?
1202
In base 4, what is 2 - 122233?
-122231
In base 6, what is -3 - -310?
303
In base 2, what is -10000100010 - 101?
-10000100111
In base 15, what is b - -1e0?
1eb
In base 9, what is -160 - 4?
-164
In base 4, what is -122003 - 1?
-122010
In base 11, what is -1 + 239?
238
In base 13, what is 16 + 33?
49
In base 6, what is 22 - -2?
24
In base 16, what is 5 + 1?
6
In base 7, what is -1 + 51?
50
In base 6, what is 425 + 1?
430
In base 11, what is -498 - 2?
-49a
In base 4, what is -13 + 211?
132
In base 4, what is 20232132 - 11?
20232121
In base 5, what is 0 - 13?
-13
In base 3, what is 20210 + 11?
20221
In base 2, what is 1 + 1000000?
1000001
In base 13, what is -12 + 11?
-1
In base 14, what is -4 - 527?
-52b
In base 16, what is 1 + -534?
-533
In base 4, what is 23 + 12031?
12120
In base 7, what is 463 - 3?
460
In base 14, what is 3 - a9?
-a6
In base 6, what is 550 + -1?
545
In base 9, what is -2 + -166?
-168
In base 16, what is -299 - 4?
-29d
In base 4, what is -1033 - 22?
-1121
In base 11, what is -5 - 1039?
-1043
In base 10, what is -66 + -29?
-95
In base 4, what is 0 - -220?
220
In base 4, what is -3011 - -10?
-3001
In base 14, what is -10 - -5?
-9
In base 12, what is 593 + 5?
598
In base 5, what is 0 + 1001?
1001
In base 2, what is 11001011010110 - 0?
11001011010110
In base 7, what is 220 - 0?
220
In base 9, what is -14 - 101?
-115
In base 12, what is -269 - 0?
-269
In base 8, what is -5 - -245?
240
In base 7, what is -144 + -31?
-205
In base 10, what is -74 + 2?
-72
In base 10, what is -1894 - -2?
-1892
In base 9, what is 167 - 13?
154
In base 16, what is a + -54?
-4a
In base 10, what is -230 - 0?
-230
In base 13, what is 38 - -2b?
66
In base 14, what is 49 + a0?
109
In base 15, what is -3 - -56a?
567
In base 15, what is -de + -5?
-e4
In base 5, what is 10 + 143?
203
In base 12, what is aa3 + 4?
aa7
In base 16, what is 90 + b?
9b
In base 14, what is 2 + -d90?
-d8c
In base 5, what is -30202 - -11?
-30141
In base 13, what is -6 - -14?
b
In base 12, what is 88 + 6?
92
In base 12, what is 37 - -1?
38
In base 3, what is 10110 + 0?
10110
In base 13, what is -4 - -3?
-1
In base 15, what is 547 - -1?
548
In base 4, what is -201 + 113?
-22
In base 2, what is 1101000 + -1?
1100111
In base 7, what is 365 + -16?
346
In base 12, what is -2 + -141?
-143
In base 14, what is -c9 + a?
-bd
In base 12, what is 7 - 19?
-12
In base 12, what is 9 + -1312?
-1305
In base 16, what is -17 + -b3?
-ca
In base 5, what is -1033 + -3?
-1041
In base 5, what is -10 + 324?
314
In base 5, what is 100023 - -4?
100032
In base 13, what is 4 - 1378?
-1374
In base 12, what is 0 - -146?
146
In base 10, what is -8 + -947?
-955
In base 16, what is b4 - -4?
b8
In base 2, what is 10001 + 11010110?
11100111
In base 11, what is 4 - 878?
-874
In base 16, what is -c - -a?
-2
In base 14, what is -a - a1?
-ab
In base 3, what is -10 - 202212?
-202222
In base 9, what is 4 - 1327?
-1323
In base 5, what is -11 - 10333?
-10344
In base 9, what is 0 - 5736?
-5736
In base 13, what is 5 + -569?
-564
In base 10, what is 8 + -4273?
-4265
In base 2, what is 11100 - -1?
11101
In base 5, what is 4 + 313?
322
In base 6, what is -2 - -32?
30
In base 3, what is 1 + -10010200?
-10010122
In base 14, what is 3 - -545?
548
In base 10, what is -5 + 11?
6
In base 6, what is -53 + -2031?
-2124
In base 8, what is 322 - 17?
303
In base 10, what is -36 - -131?
95
In base 13, what is 0 - 2?
-2
In base 14, what is 615c - 4?
6158
In base 3, what is -21 + 21?
0
In base 5, what is -440 - 3?
-443
In base 3, what is 101122 + 11?
101210
In base 10, what is -2 - 21?
-23
In base 6, what is 1 - -2?
3
In base 7, what is 2 + -114?
-112
In base 6, what is 3 + 11512?
11515
In base 13, what is -68 + 67?
-1
In base 10, what is -58 - 4?
-62
In base 4, what is -12013 + 0?
-12013
In base 5, what is 23 - -10?
33
In base 7, what is 31 - 66?
-35
In base 10, what is 4 + -37?
-33
In base 9, what is -1332 + 5?
-1326
In base 16, what is e + -6a?
-5c
In base 10, what is 25 + 25?
50
In base 13, what is 533 - 6?
52a
In base 9, what is 2203 + 2?
2205
In base 13, what is 725 - 0?
725
In base 12, what is 659 - 3?
656
In base 3, what is 212 + -11?
201
In base 5, what is -110 - -2?
-103
In base 4, what is 11 - 211?
-200
In base 13, what is 3 + -51?
-4b
In base 15, what is -5 - 120?
-125
In base 11, what is -4 - -402?
3a9
In base 7, what is 56 - 1?
55
In base 7, what is -1 + 340?
336
In base 12, what is -37 - 2?
-39
In base 5, what is 1 - -11234?
11240
In base 14, what is -2128 + 3?
-2125
In base 11, what is -5 - 7a?
-84
In base 3, what is 20 + 202?
222
In base 10, what is -2 + -545?
-547
In base 3, what is 100 - -20?
120
In base 8, what is -24 + -7?
-33
In base 13, what is -30 - -2?
-2b
In base 12, what is -7 - 410?
-417
In base 8, what is 204 + -2?
202
In base 10, what is 4 - 153?
-149
In base 12, what is 2 - 1432?
-1430
In base 8, what is -12 + -1272?
-1304
In base 2, what is -1000 - -101011?
100011
In base 4, what is -1 - -113333?
113332
In base 5, what is -2440 + -4?
-2444
In base 5, what is -11 + -114?
-130
In base 2, what is 1 + -1000101000?
-1000100111
In base 2, what is 1111010 - -11?
1111101
In base 13, what is 5 + 54?
59
In base 12, what is -19 - -57?
3a
In base 3, what is 1122 + 11002?
12201
In base 8, what is 40 + 27?
67
In base 5, what is -114 - -104?
-10
In base 4, what is -101 - -3?
-32
In base 8, what is 3 - -564?
567
In base 2, what is -1010 + -1101?
-10111
In base 14, what is 1 - -17a?
17b
In base 7, what is 1 - -36?
40
In base 8, what is -227 - 151?
-400
In base 2, what is -1101 - -1?
-1100
In base 8, what is -5 + -360?
-365
In base 15, what is -14a - -4?
-146
In base 6, what is 1 + -253?
-252
In base 14, what is -4 - -14?
10
In base 11, what is 0 - -112?
112
In base 9, what is 2200 + 3?
2203
In base 12, what is -2210 - -3?
-2209
In base 11, what is -5 - 11?
-16
In base 7, what is 22 - -10?
32
In base 3, what is 11002202 - 1?
11002201
In base 8, what is -4315 - -5?
-4310
In base 11, what is -2287 - 5?
-2291
In base 9, what is 13 + -445?
-432
In base 5, what is -200 - 412?
-1112
In base 12, what is -336 - -6?
-330
In base 13, what is -4 + -2a1?
-2a5
In base 9, what is 1 + 13?
14
In base 8, what is 1 + 1771?
1772
In base 14, what is 1c + -24?
-6
In base 9, what is -306 - 4?
-311
In base 3, what is -20 + 1210022?
1210002
In base 8, what is -1465 - 2?
-1467
In base 15, what is -746 - -3?
-743
In base 12, what is 22 - 42?
-20
In base 9, what is -61 - 2?
-63
In base 13, what is 50 - 13?
3a
In base 9, what is 7 - -84?
102
In base 9, what is -14 + 135?
121
In base 2, what is -101 - 1011001?
-1011110
In base 12, what is -786 + 12?
-774
In base 15, what is -8 - 1?
-9
In base 8, what is 426 + 3?
431
In base 2, what is 100011010 - -100?
100011110
In base 7, what is 21 + 206?
230
In base 12, what is -1 + 98b?
98a
In base 11, what is 4 - 47?
-43
In base 8, what is -4 - -74?
70
In base 5, what is -2032 - 3?
-2040
In base 3, what is -1 + 10210?
10202
In base 15, what is 19 - 54?
-3a
In base 12, what is -4 - a?
-12
In base 10, what is 2666 + -1?
2665
In base 14, what is 48 + 2?
4a
In base 6, what is -14 + 22?
4
In base 9, what is -48 - 4?
-53
In base 10, what is -2 + 4074?
4072
In base 3, what is 1100 - -22?
1122
In base 7, what is -12 + -11?
-23
In base 12, what is 281 + -5?
278
In base 16, what is 0 + 539?
539
In base 12, what is -3 - 79?
-80
In base 10, what is 2128 - -1?
2129
In base 3, what is 11012 + 2?
11021
In base 5, what is 20421 - 12?
20404
In base 14, what is -3 + a76?
a73
In base 2, what is -10011010101111 + 1?
-10011010101110
In base 12, what is -b5 + -95?
-18a
In base 13, what is 96